?
2
What is the hundred thousands digit of 468955496?
9
What is the hundred thousands digit of 41871311?
8
What is the millions digit of 874812889?
4
What is the thousands digit of 685062843?
2
What is the ten millions digit of 759112428?
5
What is the hundred millions digit of 570907146?
5
What is the ten millions digit of 2198838322?
9
What is the millions digit of 60715888?
0
What is the hundred millions digit of 432677107?
4
What is the millions digit of 579809173?
9
What is the tens digit of 54201448?
4
What is the tens digit of 752013347?
4
What is the ten thousands digit of 212027105?
2
What is the thousands digit of 61812410?
2
What is the billions digit of 1576308129?
1
What is the millions digit of 70131416?
0
What is the hundred thousands digit of 38896749?
8
What is the ten millions digit of 36013875?
3
What is the hundred thousands digit of 2521713318?
7
What is the thousands digit of 1783557017?
7
What is the millions digit of 253931215?
3
What is the ten thousands digit of 719857555?
5
What is the ten thousands digit of 7254113?
5
What is the ten millions digit of 99916665?
9
What is the hundred thousands digit of 117363175?
3
What is the ten millions digit of 171971855?
7
What is the ten millions digit of 5433505796?
3
What is the units digit of 470973531?
1
What is the ten thousands digit of 31078610?
7
What is the hundreds digit of 111371205?
2
What is the ten thousands digit of 106478314?
7
What is the tens digit of 26488107?
0
What is the ten millions digit of 533398173?
3
What is the millions digit of 1101303774?
1
What is the ten millions digit of 1806874660?
0
What is the thousands digit of 34000858?
0
What is the units digit of 358007639?
9
What is the thousands digit of 245705377?
5
What is the thousands digit of 24406186?
6
What is the hundreds digit of 6345163172?
1
What is the ten millions digit of 479492906?
7
What is the ten millions digit of 766381709?
6
What is the ten thousands digit of 350474957?
7
What is the tens digit of 1876948297?
9
What is the ten millions digit of 5373310752?
7
What is the billions digit of 1016825793?
1
What is the tens digit of 278282721?
2
What is the tens digit of 737939487?
8
What is the ten thousands digit of 55354210?
5
What is the millions digit of 12107397?
2
What is the ten thousands digit of 620443994?
4
What is the millions digit of 86535134?
6
What is the ten thousands digit of 1016277245?
7
What is the ten thousands digit of 3009983438?
8
What is the thousands digit of 127662532?
2
What is the tens digit of 1192232213?
1
What is the tens digit of 2454994189?
8
What is the tens digit of 37350858?
5
What is the millions digit of 49318012?
9
What is the thousands digit of 2245847326?
7
What is the hundred thousands digit of 56664504?
6
What is the millions digit of 184419475?
4
What is the units digit of 502415485?
5
What is the ten millions digit of 1631616630?
3
What is the thousands digit of 81340671?
0
What is the thousands digit of 31555166?
5
What is the ten millions digit of 53934275?
5
What is the tens digit of 286290554?
5
What is the hundred millions digit of 335111461?
3
What is the ten thousands digit of 451379340?
7
What is the units digit of 454453834?
4
What is the ten thousands digit of 41563565?
6
What is the hundreds digit of 239698748?
7
What is the ten millions digit of 53283089?
5
What is the ten millions digit of 294357301?
9
What is the units digit of 237540922?
2
What is the ten millions digit of 199851346?
9
What is the hundred thousands digit of 183883884?
8
What is the tens digit of 238885613?
1
What is the ten millions digit of 2431372265?
3
What is the millions digit of 189157329?
9
What is the units digit of 6622426013?
3
What is the tens digit of 288569677?
7
What is the thousands digit of 7129515791?
5
What is the thousands digit of 110638701?
8
What is the hundreds digit of 254050776?
7
What is the tens digit of 525766477?
7
What is the ten millions digit of 72893831?
7
What is the units digit of 116359953?
3
What is the hundreds digit of 47099380?
3
What is the hundreds digit of 101260492?
4
What is the ten thousands digit of 6474864313?
6
What is the thousands digit of 48678663?
8
What is the hundred millions digit of 136663704?
1
What is the ten millions digit of 267559648?
6
What is the ten millions digit of 94377925?
9
What is the tens digit of 293795220?
2
What is the thousands digit of 492282704?
2
What is the tens digit of 417847835?
3
What is the ten millions digit of 17720607?
1
What is the millions digit of 545903570?
5
What is the units digit of 1157762398?
8
What is the hundred thousands digit of 11394363?
3
What is the millions digit of 1617781875?
7
What is the ten millions digit of 29007762?
2
What is the hundreds digit of 84765975?
9
What is the thousands digit of 13400878?
0
What is the ten millions digit of 267135386?
6
What is the thousands digit of 45431640?
1
What is the ten thousands digit of 2976673282?
7
What is the hundred millions digit of 214769242?
2
What is the millions digit of 319506801?
9
What is the units digit of 6126147376?
6
What is the millions digit of 63227227?
3
What is the hundred thousands digit of 14522798?
5
What is the billions digit of 3208805948?
3
What is the units digit of 4358529403?
3
What is the thousands digit of 53968329?
8
What is the hundreds digit of 174498196?
1
What is the hundreds digit of 4645329453?
4
What is the hundreds digit of 270241241?
2
What is the ten thousands digit of 39626566?
2
What is the units digit of 239386882?
2
What is the thousands digit of 25353372?
3
What is the hundreds digit of 3668958172?
1
What is the hundred thousands digit of 53457429?
4
What is the tens digit of 117748177?
7
What is the hundreds digit of 2135704502?
5
What is the millions digit of 401768725?
1
What is the hundred millions digit of 1423379257?
4
What is the millions digit of 47662821?
7
What is the ten millions digit of 394035041?
9
What is the millions digit of 296130017?
6
What is the units digit of 1266318479?
9
What is the ten thousands digit of 228909570?
0
What is the tens digit of 402012260?
6
What is the ten thousands digit of 37875098?
7
What is the hundreds digit of 2102103469?
4
What is the thousands digit of 292407134?
7
What is the hundreds digit of 333152214?
2
What is the hundreds digit of 3389222937?
9
What is the hundred millions digit of 275366928?
2
What is the hundreds digit of 50591791?
7
What is the tens digit of 129607786?
8
What is the ten millions digit of 17639827?
1
What is the ten thousands digit of 135085739?
8
What is the tens digit of 27562993?
9
What is the units digit of 38943201?
1
What is the hundreds digit of 201223369?
3
What is the tens digit of 2824557359?
5
What is the hundreds digit of 312333427?
4
What is the hundred thousands digit of 38086042?
0
What is the thousands digit of 1438482340?
2
What is the thousands digit of 428014447?
4
What is the millions digit of 1071027083?
1
What is the tens digit of 772605901?
0
What is the ten thousands digit of 460601437?
0
What is the thousands digit of 1435107701?
7
What is the millions digit of 1083768717?
3
What is the ten thousands digit of 27202610?
0
What is the millions digit of 48141628?
8
What is the thousands digit of 5564320946?
0
What is the units digit of 27066780?
0
What is the ten thousands digit of 150469099?
6
What is the hundreds digit of 8268275099?
0
What is the hundred millions digit of 248389485?
2
What is the hundred thousands digit of 794642279?
6
What is the hundred thousands digit of 6944934818?
9
What is the ten millions digit of 647425694?
4
What is the hundred millions digit of 3204237546?
2
What is the tens digit of 182786147?
4
What is the ten millions digit of 645626236?
4
What is the ten thousands digit of 13408304?
0
What is the units digit of 424368697?
7
What is the ten millions digit of 883988713?
8
What is the thousands digit of 16016873?
6
What is the units digit of 119562671?
1
What is the hundred thousands digit of 7842873420?
8
What is the hundreds digit of 667457994?
9
What is the hundreds digit of 715302434?
4
What is the thousands digit of 28787604?
7
What is the units digit of 2531594596?
6
What is the tens digit of 23893347?
4
What is the millions digit of